{"id":7906,"count":1,"description":"","link":"https:\/\/voelkerrechtsblog.org\/de\/authors\/jane-a-hofbauer\/","name":"Jane A. Hofbauer","slug":"jane-a-hofbauer","taxonomy":"authors","meta":[],"acf":{"detail_group":{"image":{"ID":27512,"id":27512,"title":"[:en]Hofbauer-pic-scaled-aspect-ratio-1-1[:]","filename":"Hofbauer-pic-scaled-aspect-ratio-1-1.jpg","filesize":697942,"url":"https:\/\/voelkerrechtsblog.org\/wp-content\/uploads\/2026\/02\/Hofbauer-pic-scaled-aspect-ratio-1-1.jpg","link":"https:\/\/voelkerrechtsblog.org\/de\/hofbauer-pic-scaled-aspect-ratio-1-1\/","alt":"","author":"8","description":"","caption":"","name":"hofbauer-pic-scaled-aspect-ratio-1-1","status":"inherit","uploaded_to":0,"date":"2026-02-13 16:30:35","modified":"2026-02-13 16:30:35","menu_order":0,"mime_type":"image\/jpeg","type":"image","subtype":"jpeg","icon":"https:\/\/voelkerrechtsblog.org\/wp-includes\/images\/media\/default.png","width":2316,"height":2316,"sizes":{"thumbnail":"https:\/\/voelkerrechtsblog.org\/wp-content\/uploads\/2026\/02\/Hofbauer-pic-scaled-aspect-ratio-1-1-150x150.jpg","thumbnail-width":150,"thumbnail-height":150,"medium":"https:\/\/voelkerrechtsblog.org\/wp-content\/uploads\/2026\/02\/Hofbauer-pic-scaled-aspect-ratio-1-1-600x600.jpg","medium-width":600,"medium-height":600,"medium_large":"https:\/\/voelkerrechtsblog.org\/wp-content\/uploads\/2026\/02\/Hofbauer-pic-scaled-aspect-ratio-1-1.jpg","medium_large-width":2316,"medium_large-height":2316,"large":"https:\/\/voelkerrechtsblog.org\/wp-content\/uploads\/2026\/02\/Hofbauer-pic-scaled-aspect-ratio-1-1-1200x1200.jpg","large-width":1200,"large-height":1200,"1536x1536":"https:\/\/voelkerrechtsblog.org\/wp-content\/uploads\/2026\/02\/Hofbauer-pic-scaled-aspect-ratio-1-1-1536x1536.jpg","1536x1536-width":1536,"1536x1536-height":1536,"2048x2048":"https:\/\/voelkerrechtsblog.org\/wp-content\/uploads\/2026\/02\/Hofbauer-pic-scaled-aspect-ratio-1-1-2048x2048.jpg","2048x2048-width":2048,"2048x2048-height":2048,"2k":"https:\/\/voelkerrechtsblog.org\/wp-content\/uploads\/2026\/02\/Hofbauer-pic-scaled-aspect-ratio-1-1-2000x2000.jpg","2k-width":2000,"2k-height":2000,"1600":"https:\/\/voelkerrechtsblog.org\/wp-content\/uploads\/2026\/02\/Hofbauer-pic-scaled-aspect-ratio-1-1.jpg","1600-width":1600,"1600-height":1600,"small":"https:\/\/voelkerrechtsblog.org\/wp-content\/uploads\/2026\/02\/Hofbauer-pic-scaled-aspect-ratio-1-1-375x375.jpg","small-width":375,"small-height":375,"tyny":"https:\/\/voelkerrechtsblog.org\/wp-content\/uploads\/2026\/02\/Hofbauer-pic-scaled-aspect-ratio-1-1-150x150.jpg","tyny-width":150,"tyny-height":150,"cptm_icon":"https:\/\/voelkerrechtsblog.org\/wp-content\/uploads\/2026\/02\/Hofbauer-pic-scaled-aspect-ratio-1-1-16x16.jpg","cptm_icon-width":16,"cptm_icon-height":16},"original_image":{"ID":27511,"id":27511,"title":"[:en]Hofbauer pic[:]","filename":"Hofbauer-pic-scaled.jpg","filesize":581518,"url":"https:\/\/voelkerrechtsblog.org\/wp-content\/uploads\/2026\/02\/Hofbauer-pic-scaled.jpg","link":"https:\/\/voelkerrechtsblog.org\/de\/hofbauer-pic\/","alt":"","author":"8","description":"","caption":"","name":"hofbauer-pic","status":"inherit","uploaded_to":0,"date":"2026-02-13 16:30:05","modified":"2026-02-13 16:30:05","menu_order":0,"mime_type":"image\/jpeg","type":"image","subtype":"jpeg","icon":"https:\/\/voelkerrechtsblog.org\/wp-includes\/images\/media\/default.png","width":1920,"height":2560,"sizes":{"thumbnail":"https:\/\/voelkerrechtsblog.org\/wp-content\/uploads\/2026\/02\/Hofbauer-pic-150x150.jpg","thumbnail-width":150,"thumbnail-height":150,"medium":"https:\/\/voelkerrechtsblog.org\/wp-content\/uploads\/2026\/02\/Hofbauer-pic-600x800.jpg","medium-width":450,"medium-height":600,"medium_large":"https:\/\/voelkerrechtsblog.org\/wp-content\/uploads\/2026\/02\/Hofbauer-pic-scaled.jpg","medium_large-width":1920,"medium_large-height":2560,"large":"https:\/\/voelkerrechtsblog.org\/wp-content\/uploads\/2026\/02\/Hofbauer-pic-1200x1600.jpg","large-width":900,"large-height":1200,"1536x1536":"https:\/\/voelkerrechtsblog.org\/wp-content\/uploads\/2026\/02\/Hofbauer-pic-1152x1536.jpg","1536x1536-width":1152,"1536x1536-height":1536,"2048x2048":"https:\/\/voelkerrechtsblog.org\/wp-content\/uploads\/2026\/02\/Hofbauer-pic-1536x2048.jpg","2048x2048-width":1536,"2048x2048-height":2048,"2k":"https:\/\/voelkerrechtsblog.org\/wp-content\/uploads\/2026\/02\/Hofbauer-pic-2000x2667.jpg","2k-width":2000,"2k-height":2667,"1600":"https:\/\/voelkerrechtsblog.org\/wp-content\/uploads\/2026\/02\/Hofbauer-pic-scaled.jpg","1600-width":1600,"1600-height":2133,"small":"https:\/\/voelkerrechtsblog.org\/wp-content\/uploads\/2026\/02\/Hofbauer-pic-375x500.jpg","small-width":375,"small-height":500,"tyny":"https:\/\/voelkerrechtsblog.org\/wp-content\/uploads\/2026\/02\/Hofbauer-pic-150x200.jpg","tyny-width":150,"tyny-height":200,"cptm_icon":"https:\/\/voelkerrechtsblog.org\/wp-content\/uploads\/2026\/02\/Hofbauer-pic-16x16.jpg","cptm_icon-width":16,"cptm_icon-height":16}}},"first_name":"Jane A.","last_name":"Hofbauer","location":"","short_profile":"<p>Dr. Jane A. Hofbauer, LL.M., ist Postdoktorandin am Lehrstuhl f\u00fcr V\u00f6lkerrecht und Menschenrechte an der Universit\u00e4t der Bundeswehr M\u00fcnchen. Ihre Forschungsschwerpunkte liegen im internationalen Streitbeilegungs- und Verfahrensrecht, im Bereich Frieden und Sicherheit sowie in der nachhaltiger Entwicklung. Mitherausgeberin der <i>Elgar Encyclopedia of Human Rights<\/i> und der <i>Austrian Review of International and European Law (ARIEL).<\/i><\/p>\n","social_media":false}},"meta_box":[],"_links":{"self":[{"href":"https:\/\/voelkerrechtsblog.org\/de\/wp-json\/wp\/v2\/authors\/7906","targetHints":{"allow":["GET"]}}],"collection":[{"href":"https:\/\/voelkerrechtsblog.org\/de\/wp-json\/wp\/v2\/authors"}],"about":[{"href":"https:\/\/voelkerrechtsblog.org\/de\/wp-json\/wp\/v2\/taxonomies\/authors"}],"wp:post_type":[{"href":"https:\/\/voelkerrechtsblog.org\/de\/wp-json\/wp\/v2\/posts?authors=7906"},{"href":"https:\/\/voelkerrechtsblog.org\/de\/wp-json\/wp\/v2\/articles?authors=7906"}],"curies":[{"name":"wp","href":"https:\/\/api.w.org\/{rel}","templated":true}]}}

<p>Dr. Jane A. Hofbauer, LL.M., ist Postdoktorandin am Lehrstuhl für Völkerrecht und Menschenrechte an der Universität der Bundeswehr München. Ihre Forschungsschwerpunkte liegen im internationalen Streitbeilegungs- und Verfahrensrecht, im Bereich Frieden und Sicherheit sowie in der nachhaltiger Entwicklung. Mitherausgeberin der <i>Elgar Encyclopedia of Human Rights</i> und der <i>Austrian Review of International and European Law (ARIEL).</i></p>
