{"id":7903,"count":1,"description":"","link":"https:\/\/voelkerrechtsblog.org\/de\/authors\/rene-uruena\/","name":"Ren\u00e9 Urue\u00f1a","slug":"rene-uruena","taxonomy":"authors","meta":[],"acf":{"detail_group":{"image":{"ID":27506,"id":27506,"title":"[:en]Rene[:]","filename":"Rene.jpg","filesize":128569,"url":"https:\/\/voelkerrechtsblog.org\/wp-content\/uploads\/2026\/02\/Rene.jpg","link":"https:\/\/voelkerrechtsblog.org\/de\/rene\/","alt":"","author":"37","description":"","caption":"","name":"rene","status":"inherit","uploaded_to":0,"date":"2026-02-13 14:43:33","modified":"2026-02-13 14:43:33","menu_order":0,"mime_type":"image\/jpeg","type":"image","subtype":"jpeg","icon":"https:\/\/voelkerrechtsblog.org\/wp-includes\/images\/media\/default.png","width":800,"height":800,"sizes":{"thumbnail":"https:\/\/voelkerrechtsblog.org\/wp-content\/uploads\/2026\/02\/Rene-150x150.jpg","thumbnail-width":150,"thumbnail-height":150,"medium":"https:\/\/voelkerrechtsblog.org\/wp-content\/uploads\/2026\/02\/Rene-600x600.jpg","medium-width":600,"medium-height":600,"medium_large":"https:\/\/voelkerrechtsblog.org\/wp-content\/uploads\/2026\/02\/Rene.jpg","medium_large-width":800,"medium_large-height":800,"large":"https:\/\/voelkerrechtsblog.org\/wp-content\/uploads\/2026\/02\/Rene.jpg","large-width":800,"large-height":800,"1536x1536":"https:\/\/voelkerrechtsblog.org\/wp-content\/uploads\/2026\/02\/Rene.jpg","1536x1536-width":800,"1536x1536-height":800,"2048x2048":"https:\/\/voelkerrechtsblog.org\/wp-content\/uploads\/2026\/02\/Rene.jpg","2048x2048-width":800,"2048x2048-height":800,"2k":"https:\/\/voelkerrechtsblog.org\/wp-content\/uploads\/2026\/02\/Rene.jpg","2k-width":800,"2k-height":800,"1600":"https:\/\/voelkerrechtsblog.org\/wp-content\/uploads\/2026\/02\/Rene.jpg","1600-width":800,"1600-height":800,"small":"https:\/\/voelkerrechtsblog.org\/wp-content\/uploads\/2026\/02\/Rene-375x375.jpg","small-width":375,"small-height":375,"tyny":"https:\/\/voelkerrechtsblog.org\/wp-content\/uploads\/2026\/02\/Rene-150x150.jpg","tyny-width":150,"tyny-height":150,"cptm_icon":"https:\/\/voelkerrechtsblog.org\/wp-content\/uploads\/2026\/02\/Rene-16x16.jpg","cptm_icon-width":16,"cptm_icon-height":16},"original_image":null},"first_name":"Ren\u00e9","last_name":"Urue\u00f1a","location":"","short_profile":"<p>Ren\u00e9 Urue\u00f1a is an Associate Professor in International Law at Universidad de los Andes in Bogot\u00e1, Colombia, and Max Planck Law Fellow.<\/p>\n","social_media":false}},"meta_box":[],"_links":{"self":[{"href":"https:\/\/voelkerrechtsblog.org\/de\/wp-json\/wp\/v2\/authors\/7903","targetHints":{"allow":["GET"]}}],"collection":[{"href":"https:\/\/voelkerrechtsblog.org\/de\/wp-json\/wp\/v2\/authors"}],"about":[{"href":"https:\/\/voelkerrechtsblog.org\/de\/wp-json\/wp\/v2\/taxonomies\/authors"}],"wp:post_type":[{"href":"https:\/\/voelkerrechtsblog.org\/de\/wp-json\/wp\/v2\/posts?authors=7903"},{"href":"https:\/\/voelkerrechtsblog.org\/de\/wp-json\/wp\/v2\/articles?authors=7903"}],"curies":[{"name":"wp","href":"https:\/\/api.w.org\/{rel}","templated":true}]}}

René Urueña

René

Urueña

<p>René Urueña is an Associate Professor in International Law at Universidad de los Andes in Bogotá, Colombia, and Max Planck Law Fellow.</p>
