{"id":7080,"count":2,"description":"","link":"https:\/\/voelkerrechtsblog.org\/de\/authors\/stefan-vasovic\/","name":"Stefan Vasovic","slug":"stefan-vasovic","taxonomy":"authors","meta":[],"acf":{"detail_group":{"image":{"ID":18279,"id":18279,"title":"[:en]Stefan_Vasovic-aspect-ratio-1-1[:]","filename":"Stefan_Vasovic-aspect-ratio-1-1.png","filesize":3460611,"url":"https:\/\/voelkerrechtsblog.org\/wp-content\/uploads\/2022\/09\/Stefan_Vasovic-aspect-ratio-1-1.png","link":"https:\/\/voelkerrechtsblog.org\/de\/stefan_vasovic-aspect-ratio-1-1\/","alt":"","author":"8","description":"","caption":"","name":"stefan_vasovic-aspect-ratio-1-1","status":"inherit","uploaded_to":0,"date":"2022-09-20 10:26:31","modified":"2022-09-20 10:26:31","menu_order":0,"mime_type":"image\/png","type":"image","subtype":"png","icon":"https:\/\/voelkerrechtsblog.org\/wp-includes\/images\/media\/default.png","width":2702,"height":2703,"sizes":{"thumbnail":"https:\/\/voelkerrechtsblog.org\/wp-content\/uploads\/2022\/09\/Stefan_Vasovic-aspect-ratio-1-1-150x150.png","thumbnail-width":150,"thumbnail-height":150,"medium":"https:\/\/voelkerrechtsblog.org\/wp-content\/uploads\/2022\/09\/Stefan_Vasovic-aspect-ratio-1-1-600x600.png","medium-width":600,"medium-height":600,"medium_large":"https:\/\/voelkerrechtsblog.org\/wp-content\/uploads\/2022\/09\/Stefan_Vasovic-aspect-ratio-1-1.png","medium_large-width":2702,"medium_large-height":2703,"large":"https:\/\/voelkerrechtsblog.org\/wp-content\/uploads\/2022\/09\/Stefan_Vasovic-aspect-ratio-1-1-1200x1200.png","large-width":1200,"large-height":1200,"1536x1536":"https:\/\/voelkerrechtsblog.org\/wp-content\/uploads\/2022\/09\/Stefan_Vasovic-aspect-ratio-1-1-1536x1536.png","1536x1536-width":1536,"1536x1536-height":1536,"2048x2048":"https:\/\/voelkerrechtsblog.org\/wp-content\/uploads\/2022\/09\/Stefan_Vasovic-aspect-ratio-1-1-2048x2048.png","2048x2048-width":2048,"2048x2048-height":2048,"2k":"https:\/\/voelkerrechtsblog.org\/wp-content\/uploads\/2022\/09\/Stefan_Vasovic-aspect-ratio-1-1-2000x2001.png","2k-width":2000,"2k-height":2001,"1600":"https:\/\/voelkerrechtsblog.org\/wp-content\/uploads\/2022\/09\/Stefan_Vasovic-aspect-ratio-1-1.png","1600-width":1600,"1600-height":1601,"small":"https:\/\/voelkerrechtsblog.org\/wp-content\/uploads\/2022\/09\/Stefan_Vasovic-aspect-ratio-1-1-375x375.png","small-width":375,"small-height":375,"tyny":"https:\/\/voelkerrechtsblog.org\/wp-content\/uploads\/2022\/09\/Stefan_Vasovic-aspect-ratio-1-1-150x150.png","tyny-width":150,"tyny-height":150,"cptm_icon":"https:\/\/voelkerrechtsblog.org\/wp-content\/uploads\/2022\/09\/Stefan_Vasovic-aspect-ratio-1-1-16x16.png","cptm_icon-width":16,"cptm_icon-height":16},"original_image":{"ID":18278,"id":18278,"title":"[:en]Stefan_Vasovic[:]","filename":"Stefan_Vasovic.png","filesize":4264783,"url":"https:\/\/voelkerrechtsblog.org\/wp-content\/uploads\/2022\/09\/Stefan_Vasovic.png","link":"https:\/\/voelkerrechtsblog.org\/de\/stefan_vasovic\/","alt":"","author":"8","description":"","caption":"","name":"stefan_vasovic","status":"inherit","uploaded_to":0,"date":"2022-09-20 10:26:02","modified":"2022-09-20 10:26:02","menu_order":0,"mime_type":"image\/png","type":"image","subtype":"png","icon":"https:\/\/voelkerrechtsblog.org\/wp-includes\/images\/media\/default.png","width":2786,"height":2703,"sizes":{"thumbnail":"https:\/\/voelkerrechtsblog.org\/wp-content\/uploads\/2022\/09\/Stefan_Vasovic-150x150.png","thumbnail-width":150,"thumbnail-height":150,"medium":"https:\/\/voelkerrechtsblog.org\/wp-content\/uploads\/2022\/09\/Stefan_Vasovic-600x582.png","medium-width":600,"medium-height":582,"medium_large":"https:\/\/voelkerrechtsblog.org\/wp-content\/uploads\/2022\/09\/Stefan_Vasovic.png","medium_large-width":2786,"medium_large-height":2703,"large":"https:\/\/voelkerrechtsblog.org\/wp-content\/uploads\/2022\/09\/Stefan_Vasovic-1200x1164.png","large-width":1200,"large-height":1164,"1536x1536":"https:\/\/voelkerrechtsblog.org\/wp-content\/uploads\/2022\/09\/Stefan_Vasovic-1536x1490.png","1536x1536-width":1536,"1536x1536-height":1490,"2048x2048":"https:\/\/voelkerrechtsblog.org\/wp-content\/uploads\/2022\/09\/Stefan_Vasovic-2048x1987.png","2048x2048-width":2048,"2048x2048-height":1987,"2k":"https:\/\/voelkerrechtsblog.org\/wp-content\/uploads\/2022\/09\/Stefan_Vasovic-2000x1940.png","2k-width":2000,"2k-height":1940,"1600":"https:\/\/voelkerrechtsblog.org\/wp-content\/uploads\/2022\/09\/Stefan_Vasovic.png","1600-width":1600,"1600-height":1552,"small":"https:\/\/voelkerrechtsblog.org\/wp-content\/uploads\/2022\/09\/Stefan_Vasovic-375x364.png","small-width":375,"small-height":364,"tyny":"https:\/\/voelkerrechtsblog.org\/wp-content\/uploads\/2022\/09\/Stefan_Vasovic-150x146.png","tyny-width":150,"tyny-height":146,"cptm_icon":"https:\/\/voelkerrechtsblog.org\/wp-content\/uploads\/2022\/09\/Stefan_Vasovic-16x16.png","cptm_icon-width":16,"cptm_icon-height":16}}},"first_name":"Stefan","last_name":"Vasovic","location":"","short_profile":"<p class=\"docData;DOCY;v5;1510;BQiAAgAAEYQCAAAGiAIAAANKBQAABVgFAAAAAAAAAAAAAAAAAAAAAAAAAAAAAAAAAAAAAAAAAAAAAAAAAAAAAAAAAAAAAAAAAAAAAAAAAAAAAAAAAAAAAAAAAAAAAAAAAAAAAAAAAAAAAAAAAAAAAAAAAAAAAAAAAAAAAAAAAAAAAAAAAAAAAAAAAAAAAAAAAAAAAAAAAAAAAAAAAAAAAAAAAAAAAAAAAAAAAAAAAAAAAAAAAAAAAAAAAAAAAAAAAAAAAAAAAAAAAAAAAAAAAAAAAAAAAAAAAAAAAAAAAAAAAAAAAAAAAAAAAAAAAAAAAAAAAAAAAAAAAAAAAAAAAAAAAAAAAAAAAAAAAAAAAAAAAAAAAAAAAAAAAAAAAAAAAAAAAAAAAAAAAAAAAAAAAAAAAAAAAAAAAAAAAAAAAAAAAAAAAAAAAAAAAAAAAAAAAAAAAAAAAAAAAAAAAAAAAAAAAAAAAAAAAAAAAAAAAAAAAAAAAAAAAAAAAAAAAAAAAAAAAAAAAAAAAAAAAAAAAAAAAAAAAAAAAAAAAAAAAAAAAAAAAAAAAAAAAAAAAAAAAAAAAAAAAAAAAAAAAAAAAAAAAAAAAAAAAAAAAAAAAAAAAAAAAAAAAAAAAAAAAAAAAAAAAAAAAAAAAAAAAAAAAAAAAAAAAAAAAAAAAAAAAAAAAAAAAAAAAAAAAAAAAAAAAAAAAAAAAAAAAAAAAAAAAAAAAAAAAAAAAAAAAAAAAAAAAAAAAAAAAAAAAAAAAAAAAAAAAAAAAAAAAAAAAAAAAAAAAAAAAAAAAAAAAAAAAAAAAAAAAAAAAAAAAAAAAAAAAAAAAAAAAAAAAAAAAAAAAAAAAAAAAAAAvgIAAACEAAAAARgAAAABBgAAAAAJBgAAAAAaBgAAAAAbBgAAAAACYgAAAAUdAAAAAQAAAAAIEwAAAAAOAAAAUwB0AGUAZgBhAG4AIAAFHQAAAAEAAAAACBMAAAAADgAAAFYAYQBzAG8AdgBpAGMABQoAAAABAAAAAAgAAAAABQoAAAABAAAAAAgAAAAAADACAAABGAAAAAEGAAAAAAkGAAAAABoGAAAAABsGAAAAAAIOAgAABesBAAABAAAAAAjhAQAAANwBAABJAHMAdAAgAFcAaQBzAHMAZQBuAHMAYwBoAGEAZgB0AGwAaQBjAGgAZQByACAATQBpAHQAYQByAGIAZQBpAHQAZQByACAAYQBuACAAZABlAHIAIABQAHIAbwBmAGUAcwBzAHUAcgAgAGYA\/AByACAAUwB0AGEAYQB0AHMALQAgAHUAbgBkACAAVgBlAHIAdwBhAGwAdAB1AG4AZwBzAHIAZQBjAGgAdAAgAGEAbgAgAGQAZQByACAAUABoAGkAbABpAHAAcABzAC0AVQBuAGkAdgBlAHIAcwBpAHQA5AB0ACAATQBhAHIAYgB1AHIAZwAgACgAUAByAG8AZgAuACAARAByAC4AIABTAHQAZQBmAGYAZQBuACAARABlAHQAdABlAHIAYgBlAGMAawApAC4AIABTAGUAaQBuAGUAIABGAG8AcgBzAGMAaAB1AG4AZwBzAHMAYwBoAHcAZQByAHAAdQBuAGsAdABlACAAdQBtAGYAYQBzAHMAZQBuACAAZABhAHMAIABWAPYAbABrAGUAcgAtACwAIABWAGUAcgBmAGEAcwBzAHUAbgBnAHMALQAgAHUAbgBkACAAVgBlAHIAdwBhAGwAdAB1AG4AZwBzAHIAZQBjAGgAdAAuAAUKAAAAAQAAAAAIAAAAAAUKAAAAAQAAAAAIAAAAAAoAAAAAAAAAABEAAAAAigAAAAAwAAAAAQYAAAAABQEDCQYbAAAAJwQUAQAACwEBHAEAKAQAAAAAHQEAKQR4AAAAGwYAAAAAAUsAAAAoAQcpAQcqAQcrAQUTAQEIBBYAAAAWBBYAAAAZBgoAAABkAGUALQBEAEUAGgYKAAAAYQByAC0AUwBBABsGCgAAAGUAbgAtAFUAUwACAAAAAA==\">Stefan Vasovic ist Wissenschaftlicher Mitarbeiter an der Professur f\u00fcr Staats- und Verwaltungsrecht an der Philipps-Universit\u00e4t Marburg (Prof. Dr. Steffen Detterbeck). Seine Forschungsschwerpunkte umfassen das V\u00f6lker-, Verfassungs- und Verwaltungsrecht.<\/p>\n","social_media":false}},"meta_box":[],"_links":{"self":[{"href":"https:\/\/voelkerrechtsblog.org\/de\/wp-json\/wp\/v2\/authors\/7080","targetHints":{"allow":["GET"]}}],"collection":[{"href":"https:\/\/voelkerrechtsblog.org\/de\/wp-json\/wp\/v2\/authors"}],"about":[{"href":"https:\/\/voelkerrechtsblog.org\/de\/wp-json\/wp\/v2\/taxonomies\/authors"}],"wp:post_type":[{"href":"https:\/\/voelkerrechtsblog.org\/de\/wp-json\/wp\/v2\/posts?authors=7080"},{"href":"https:\/\/voelkerrechtsblog.org\/de\/wp-json\/wp\/v2\/articles?authors=7080"}],"curies":[{"name":"wp","href":"https:\/\/api.w.org\/{rel}","templated":true}]}}

<p class="docData;DOCY;v5;1510;BQiAAgAAEYQCAAAGiAIAAANKBQAABVgFAAAAAAAAAAAAAAAAAAAAAAAAAAAAAAAAAAAAAAAAAAAAAAAAAAAAAAAAAAAAAAAAAAAAAAAAAAAAAAAAAAAAAAAAAAAAAAAAAAAAAAAAAAAAAAAAAAAAAAAAAAAAAAAAAAAAAAAAAAAAAAAAAAAAAAAAAAAAAAAAAAAAAAAAAAAAAAAAAAAAAAAAAAAAAAAAAAAAAAAAAAAAAAAAAAAAAAAAAAAAAAAAAAAAAAAAAAAAAAAAAAAAAAAAAAAAAAAAAAAAAAAAAAAAAAAAAAAAAAAAAAAAAAAAAAAAAAAAAAAAAAAAAAAAAAAAAAAAAAAAAAAAAAAAAAAAAAAAAAAAAAAAAAAAAAAAAAAAAAAAAAAAAAAAAAAAAAAAAAAAAAAAAAAAAAAAAAAAAAAAAAAAAAAAAAAAAAAAAAAAAAAAAAAAAAAAAAAAAAAAAAAAAAAAAAAAAAAAAAAAAAAAAAAAAAAAAAAAAAAAAAAAAAAAAAAAAAAAAAAAAAAAAAAAAAAAAAAAAAAAAAAAAAAAAAAAAAAAAAAAAAAAAAAAAAAAAAAAAAAAAAAAAAAAAAAAAAAAAAAAAAAAAAAAAAAAAAAAAAAAAAAAAAAAAAAAAAAAAAAAAAAAAAAAAAAAAAAAAAAAAAAAAAAAAAAAAAAAAAAAAAAAAAAAAAAAAAAAAAAAAAAAAAAAAAAAAAAAAAAAAAAAAAAAAAAAAAAAAAAAAAAAAAAAAAAAAAAAAAAAAAAAAAAAAAAAAAAAAAAAAAAAAAAAAAAAAAAAAAAAAAAAAAAAAAAAAAAAAAAAAAAAAAAAAAAAAAAAAAAAAAAAAAAAAAAAvgIAAACEAAAAARgAAAABBgAAAAAJBgAAAAAaBgAAAAAbBgAAAAACYgAAAAUdAAAAAQAAAAAIEwAAAAAOAAAAUwB0AGUAZgBhAG4AIAAFHQAAAAEAAAAACBMAAAAADgAAAFYAYQBzAG8AdgBpAGMABQoAAAABAAAAAAgAAAAABQoAAAABAAAAAAgAAAAAADACAAABGAAAAAEGAAAAAAkGAAAAABoGAAAAABsGAAAAAAIOAgAABesBAAABAAAAAAjhAQAAANwBAABJAHMAdAAgAFcAaQBzAHMAZQBuAHMAYwBoAGEAZgB0AGwAaQBjAGgAZQByACAATQBpAHQAYQByAGIAZQBpAHQAZQByACAAYQBuACAAZABlAHIAIABQAHIAbwBmAGUAcwBzAHUAcgAgAGYA/AByACAAUwB0AGEAYQB0AHMALQAgAHUAbgBkACAAVgBlAHIAdwBhAGwAdAB1AG4AZwBzAHIAZQBjAGgAdAAgAGEAbgAgAGQAZQByACAAUABoAGkAbABpAHAAcABzAC0AVQBuAGkAdgBlAHIAcwBpAHQA5AB0ACAATQBhAHIAYgB1AHIAZwAgACgAUAByAG8AZgAuACAARAByAC4AIABTAHQAZQBmAGYAZQBuACAARABlAHQAdABlAHIAYgBlAGMAawApAC4AIABTAGUAaQBuAGUAIABGAG8AcgBzAGMAaAB1AG4AZwBzAHMAYwBoAHcAZQByAHAAdQBuAGsAdABlACAAdQBtAGYAYQBzAHMAZQBuACAAZABhAHMAIABWAPYAbABrAGUAcgAtACwAIABWAGUAcgBmAGEAcwBzAHUAbgBnAHMALQAgAHUAbgBkACAAVgBlAHIAdwBhAGwAdAB1AG4AZwBzAHIAZQBjAGgAdAAuAAUKAAAAAQAAAAAIAAAAAAUKAAAAAQAAAAAIAAAAAAoAAAAAAAAAABEAAAAAigAAAAAwAAAAAQYAAAAABQEDCQYbAAAAJwQUAQAACwEBHAEAKAQAAAAAHQEAKQR4AAAAGwYAAAAAAUsAAAAoAQcpAQcqAQcrAQUTAQEIBBYAAAAWBBYAAAAZBgoAAABkAGUALQBEAEUAGgYKAAAAYQByAC0AUwBBABsGCgAAAGUAbgAtAFUAUwACAAAAAA==">Stefan Vasovic ist Wissenschaftlicher Mitarbeiter an der Professur für Staats- und Verwaltungsrecht an der Philipps-Universität Marburg (Prof. Dr. Steffen Detterbeck). Seine Forschungsschwerpunkte umfassen das Völker-, Verfassungs- und Verwaltungsrecht.</p>
