{"id":6845,"count":3,"description":"","link":"https:\/\/voelkerrechtsblog.org\/de\/authors\/miriam-nomanni\/","name":"Miriam Nomanni","slug":"miriam-nomanni","taxonomy":"authors","meta":[],"acf":{"detail_group":{"image":{"ID":14605,"id":14605,"title":"[:en]Miriam-Nomanni-bw-aspect-ratio-1-1[:]","filename":"Miriam-Nomanni-bw-aspect-ratio-1-1.jpg","filesize":16269,"url":"https:\/\/voelkerrechtsblog.org\/wp-content\/uploads\/2021\/06\/Miriam-Nomanni-bw-aspect-ratio-1-1.jpg","link":"https:\/\/voelkerrechtsblog.org\/de\/miriam-nomanni-bw-aspect-ratio-1-1-2\/","alt":"","author":"15","description":"","caption":"","name":"miriam-nomanni-bw-aspect-ratio-1-1-2","status":"inherit","uploaded_to":0,"date":"2021-06-24 12:47:00","modified":"2021-06-24 12:47:00","menu_order":0,"mime_type":"image\/jpeg","type":"image","subtype":"jpeg","icon":"https:\/\/voelkerrechtsblog.org\/wp-includes\/images\/media\/default.png","width":331,"height":331,"sizes":{"thumbnail":"https:\/\/voelkerrechtsblog.org\/wp-content\/uploads\/2021\/06\/Miriam-Nomanni-bw-aspect-ratio-1-1-150x150.jpg","thumbnail-width":150,"thumbnail-height":150,"medium":"https:\/\/voelkerrechtsblog.org\/wp-content\/uploads\/2021\/06\/Miriam-Nomanni-bw-aspect-ratio-1-1.jpg","medium-width":331,"medium-height":331,"medium_large":"https:\/\/voelkerrechtsblog.org\/wp-content\/uploads\/2021\/06\/Miriam-Nomanni-bw-aspect-ratio-1-1.jpg","medium_large-width":331,"medium_large-height":331,"large":"https:\/\/voelkerrechtsblog.org\/wp-content\/uploads\/2021\/06\/Miriam-Nomanni-bw-aspect-ratio-1-1.jpg","large-width":331,"large-height":331,"1536x1536":"https:\/\/voelkerrechtsblog.org\/wp-content\/uploads\/2021\/06\/Miriam-Nomanni-bw-aspect-ratio-1-1.jpg","1536x1536-width":331,"1536x1536-height":331,"2048x2048":"https:\/\/voelkerrechtsblog.org\/wp-content\/uploads\/2021\/06\/Miriam-Nomanni-bw-aspect-ratio-1-1.jpg","2048x2048-width":331,"2048x2048-height":331,"2k":"https:\/\/voelkerrechtsblog.org\/wp-content\/uploads\/2021\/06\/Miriam-Nomanni-bw-aspect-ratio-1-1.jpg","2k-width":331,"2k-height":331,"1600":"https:\/\/voelkerrechtsblog.org\/wp-content\/uploads\/2021\/06\/Miriam-Nomanni-bw-aspect-ratio-1-1.jpg","1600-width":331,"1600-height":331,"small":"https:\/\/voelkerrechtsblog.org\/wp-content\/uploads\/2021\/06\/Miriam-Nomanni-bw-aspect-ratio-1-1.jpg","small-width":331,"small-height":331,"tyny":"https:\/\/voelkerrechtsblog.org\/wp-content\/uploads\/2021\/06\/Miriam-Nomanni-bw-aspect-ratio-1-1-150x150.jpg","tyny-width":150,"tyny-height":150,"cptm_icon":"https:\/\/voelkerrechtsblog.org\/wp-content\/uploads\/2021\/06\/Miriam-Nomanni-bw-aspect-ratio-1-1-16x16.jpg","cptm_icon-width":16,"cptm_icon-height":16},"original_image":{"ID":14604,"id":14604,"title":"[:en]Miriam Nomanni[:]","filename":"Miriam-Nomanni-bw.jpg","filesize":59747,"url":"https:\/\/voelkerrechtsblog.org\/wp-content\/uploads\/2021\/06\/Miriam-Nomanni-bw.jpg","link":"https:\/\/voelkerrechtsblog.org\/de\/miriam-nomanni-bw-2\/","alt":"","author":"15","description":"","caption":"","name":"miriam-nomanni-bw-2","status":"inherit","uploaded_to":0,"date":"2021-06-24 12:46:51","modified":"2021-06-24 12:46:55","menu_order":0,"mime_type":"image\/jpeg","type":"image","subtype":"jpeg","icon":"https:\/\/voelkerrechtsblog.org\/wp-includes\/images\/media\/default.png","width":331,"height":430,"sizes":{"thumbnail":"https:\/\/voelkerrechtsblog.org\/wp-content\/uploads\/2021\/06\/Miriam-Nomanni-bw-150x150.jpg","thumbnail-width":150,"thumbnail-height":150,"medium":"https:\/\/voelkerrechtsblog.org\/wp-content\/uploads\/2021\/06\/Miriam-Nomanni-bw.jpg","medium-width":331,"medium-height":430,"medium_large":"https:\/\/voelkerrechtsblog.org\/wp-content\/uploads\/2021\/06\/Miriam-Nomanni-bw.jpg","medium_large-width":331,"medium_large-height":430,"large":"https:\/\/voelkerrechtsblog.org\/wp-content\/uploads\/2021\/06\/Miriam-Nomanni-bw.jpg","large-width":331,"large-height":430,"1536x1536":"https:\/\/voelkerrechtsblog.org\/wp-content\/uploads\/2021\/06\/Miriam-Nomanni-bw.jpg","1536x1536-width":331,"1536x1536-height":430,"2048x2048":"https:\/\/voelkerrechtsblog.org\/wp-content\/uploads\/2021\/06\/Miriam-Nomanni-bw.jpg","2048x2048-width":331,"2048x2048-height":430,"2k":"https:\/\/voelkerrechtsblog.org\/wp-content\/uploads\/2021\/06\/Miriam-Nomanni-bw.jpg","2k-width":331,"2k-height":430,"1600":"https:\/\/voelkerrechtsblog.org\/wp-content\/uploads\/2021\/06\/Miriam-Nomanni-bw.jpg","1600-width":331,"1600-height":430,"small":"https:\/\/voelkerrechtsblog.org\/wp-content\/uploads\/2021\/06\/Miriam-Nomanni-bw.jpg","small-width":331,"small-height":430,"tyny":"https:\/\/voelkerrechtsblog.org\/wp-content\/uploads\/2021\/06\/Miriam-Nomanni-bw-150x195.jpg","tyny-width":150,"tyny-height":195,"cptm_icon":"https:\/\/voelkerrechtsblog.org\/wp-content\/uploads\/2021\/06\/Miriam-Nomanni-bw-16x16.jpg","cptm_icon-width":16,"cptm_icon-height":16}}},"first_name":"Miriam","last_name":"Nomanni","location":"","short_profile":"<p>Miriam Nomanni ist Rechtsreferendarin am Kammergericht in Berlin, Promovendin und eine gesch\u00e4ftsf\u00fchrende Redakteurin des V\u00f6lkerrechtsblogs.<\/p>\n","social_media":[{"network":"LinkedIn","url":"http:\/\/www.linkedin.com\/in\/miriam-nomanni-97a4959a"}]}},"meta_box":[],"_links":{"self":[{"href":"https:\/\/voelkerrechtsblog.org\/de\/wp-json\/wp\/v2\/authors\/6845","targetHints":{"allow":["GET"]}}],"collection":[{"href":"https:\/\/voelkerrechtsblog.org\/de\/wp-json\/wp\/v2\/authors"}],"about":[{"href":"https:\/\/voelkerrechtsblog.org\/de\/wp-json\/wp\/v2\/taxonomies\/authors"}],"wp:post_type":[{"href":"https:\/\/voelkerrechtsblog.org\/de\/wp-json\/wp\/v2\/posts?authors=6845"},{"href":"https:\/\/voelkerrechtsblog.org\/de\/wp-json\/wp\/v2\/articles?authors=6845"}],"curies":[{"name":"wp","href":"https:\/\/api.w.org\/{rel}","templated":true}]}}

<p>Miriam Nomanni ist Rechtsreferendarin am Kammergericht in Berlin, Promovendin und eine geschäftsführende Redakteurin des Völkerrechtsblogs.</p>
