{"id":6675,"count":1,"description":"","link":"https:\/\/voelkerrechtsblog.org\/de\/authors\/alexander-dunkelsbuhler\/","name":"Alexander D\u00fcnkelsb\u00fchler","slug":"alexander-dunkelsbuhler","taxonomy":"authors","meta":[],"acf":{"detail_group":{"image":{"ID":11781,"id":11781,"title":"[:en]Alexander D\u00fcnkelsb\u00fchler NEU[:]","filename":"Alexander-Duenkelsbuehler-NEU.jpg","filesize":77348,"url":"https:\/\/voelkerrechtsblog.org\/wp-content\/uploads\/2021\/01\/Alexander-Duenkelsbuehler-NEU.jpg","link":"https:\/\/voelkerrechtsblog.org\/de\/alexander-duenkelsbuehler-neu\/","alt":"","author":"8","description":"","caption":"","name":"alexander-duenkelsbuehler-neu","status":"inherit","uploaded_to":0,"date":"2021-01-13 13:16:23","modified":"2021-01-13 13:16:23","menu_order":0,"mime_type":"image\/jpeg","type":"image","subtype":"jpeg","icon":"https:\/\/voelkerrechtsblog.org\/wp-includes\/images\/media\/default.png","width":709,"height":709,"sizes":{"thumbnail":"https:\/\/voelkerrechtsblog.org\/wp-content\/uploads\/2021\/01\/Alexander-Duenkelsbuehler-NEU-150x150.jpg","thumbnail-width":150,"thumbnail-height":150,"medium":"https:\/\/voelkerrechtsblog.org\/wp-content\/uploads\/2021\/01\/Alexander-Duenkelsbuehler-NEU-600x600.jpg","medium-width":600,"medium-height":600,"medium_large":"https:\/\/voelkerrechtsblog.org\/wp-content\/uploads\/2021\/01\/Alexander-Duenkelsbuehler-NEU.jpg","medium_large-width":709,"medium_large-height":709,"large":"https:\/\/voelkerrechtsblog.org\/wp-content\/uploads\/2021\/01\/Alexander-Duenkelsbuehler-NEU.jpg","large-width":709,"large-height":709,"1536x1536":"https:\/\/voelkerrechtsblog.org\/wp-content\/uploads\/2021\/01\/Alexander-Duenkelsbuehler-NEU.jpg","1536x1536-width":709,"1536x1536-height":709,"2048x2048":"https:\/\/voelkerrechtsblog.org\/wp-content\/uploads\/2021\/01\/Alexander-Duenkelsbuehler-NEU.jpg","2048x2048-width":709,"2048x2048-height":709,"2k":"https:\/\/voelkerrechtsblog.org\/wp-content\/uploads\/2021\/01\/Alexander-Duenkelsbuehler-NEU.jpg","2k-width":709,"2k-height":709,"1600":"https:\/\/voelkerrechtsblog.org\/wp-content\/uploads\/2021\/01\/Alexander-Duenkelsbuehler-NEU.jpg","1600-width":709,"1600-height":709,"small":"https:\/\/voelkerrechtsblog.org\/wp-content\/uploads\/2021\/01\/Alexander-Duenkelsbuehler-NEU-375x375.jpg","small-width":375,"small-height":375,"tyny":"https:\/\/voelkerrechtsblog.org\/wp-content\/uploads\/2021\/01\/Alexander-Duenkelsbuehler-NEU-150x150.jpg","tyny-width":150,"tyny-height":150,"cptm_icon":"https:\/\/voelkerrechtsblog.org\/wp-content\/uploads\/2021\/01\/Alexander-Duenkelsbuehler-NEU-16x16.jpg","cptm_icon-width":16,"cptm_icon-height":16},"original_image":null},"first_name":"Alexander","last_name":"D\u00fcnkelsb\u00fchler","location":"","short_profile":"<p>Alexander D\u00fcnkelsb\u00fchler is a doctoral candidate at the University of Cologne\u2019s Faculty of Law and a legal clerk at the Higher Regional Court of Frankfurt.<\/p>\n","social_media":false}},"meta_box":[],"_links":{"self":[{"href":"https:\/\/voelkerrechtsblog.org\/de\/wp-json\/wp\/v2\/authors\/6675","targetHints":{"allow":["GET"]}}],"collection":[{"href":"https:\/\/voelkerrechtsblog.org\/de\/wp-json\/wp\/v2\/authors"}],"about":[{"href":"https:\/\/voelkerrechtsblog.org\/de\/wp-json\/wp\/v2\/taxonomies\/authors"}],"wp:post_type":[{"href":"https:\/\/voelkerrechtsblog.org\/de\/wp-json\/wp\/v2\/posts?authors=6675"},{"href":"https:\/\/voelkerrechtsblog.org\/de\/wp-json\/wp\/v2\/articles?authors=6675"}],"curies":[{"name":"wp","href":"https:\/\/api.w.org\/{rel}","templated":true}]}}

Alexander Dünkelsbühler

[:en]Alexander Dünkelsbühler NEU[:]

Dünkelsbühler

<p>Alexander Dünkelsbühler is a doctoral candidate at the University of Cologne’s Faculty of Law and a legal clerk at the Higher Regional Court of Frankfurt.</p>
