{"id":5119,"count":5,"description":"","link":"https:\/\/voelkerrechtsblog.org\/de\/authors\/ozgen-ozdemir\/","name":"\u00d6zgen \u00d6zdemir","slug":"ozgen-ozdemir","taxonomy":"authors","meta":[],"acf":{"detail_group":{"image":{"ID":5302,"id":5302,"title":"[:de]IMG_0045-aspect-ratio-1-1[:]","filename":"IMG_0045-aspect-ratio-1-1.png","filesize":690224,"url":"https:\/\/voelkerrechtsblog.org\/wp-content\/uploads\/2020\/09\/IMG_0045-aspect-ratio-1-1.png","link":"https:\/\/voelkerrechtsblog.org\/de\/img_0045-aspect-ratio-1-1\/","alt":"","author":"8","description":"","caption":"","name":"img_0045-aspect-ratio-1-1","status":"inherit","uploaded_to":0,"date":"2020-09-17 06:58:41","modified":"2020-09-17 06:58:41","menu_order":0,"mime_type":"image\/png","type":"image","subtype":"png","icon":"https:\/\/voelkerrechtsblog.org\/wp-includes\/images\/media\/default.png","width":853,"height":853,"sizes":{"thumbnail":"https:\/\/voelkerrechtsblog.org\/wp-content\/uploads\/2020\/09\/IMG_0045-aspect-ratio-1-1-150x150.png","thumbnail-width":150,"thumbnail-height":150,"medium":"https:\/\/voelkerrechtsblog.org\/wp-content\/uploads\/2020\/09\/IMG_0045-aspect-ratio-1-1-600x600.png","medium-width":600,"medium-height":600,"medium_large":"https:\/\/voelkerrechtsblog.org\/wp-content\/uploads\/2020\/09\/IMG_0045-aspect-ratio-1-1.png","medium_large-width":853,"medium_large-height":853,"large":"https:\/\/voelkerrechtsblog.org\/wp-content\/uploads\/2020\/09\/IMG_0045-aspect-ratio-1-1.png","large-width":853,"large-height":853,"1536x1536":"https:\/\/voelkerrechtsblog.org\/wp-content\/uploads\/2020\/09\/IMG_0045-aspect-ratio-1-1.png","1536x1536-width":853,"1536x1536-height":853,"2048x2048":"https:\/\/voelkerrechtsblog.org\/wp-content\/uploads\/2020\/09\/IMG_0045-aspect-ratio-1-1.png","2048x2048-width":853,"2048x2048-height":853,"2k":"https:\/\/voelkerrechtsblog.org\/wp-content\/uploads\/2020\/09\/IMG_0045-aspect-ratio-1-1.png","2k-width":853,"2k-height":853,"1600":"https:\/\/voelkerrechtsblog.org\/wp-content\/uploads\/2020\/09\/IMG_0045-aspect-ratio-1-1.png","1600-width":853,"1600-height":853,"small":"https:\/\/voelkerrechtsblog.org\/wp-content\/uploads\/2020\/09\/IMG_0045-aspect-ratio-1-1-375x375.png","small-width":375,"small-height":375,"tyny":"https:\/\/voelkerrechtsblog.org\/wp-content\/uploads\/2020\/09\/IMG_0045-aspect-ratio-1-1-150x150.png","tyny-width":150,"tyny-height":150,"cptm_icon":"https:\/\/voelkerrechtsblog.org\/wp-content\/uploads\/2020\/09\/IMG_0045-aspect-ratio-1-1-16x16.png","cptm_icon-width":16,"cptm_icon-height":16},"original_image":{"ID":5301,"id":5301,"title":"[:de]IMG_0045[:]","filename":"IMG_0045.png","filesize":965755,"url":"https:\/\/voelkerrechtsblog.org\/wp-content\/uploads\/2020\/09\/IMG_0045.png","link":"https:\/\/voelkerrechtsblog.org\/de\/img_0045\/","alt":"","author":"8","description":"","caption":"","name":"img_0045","status":"inherit","uploaded_to":0,"date":"2020-09-17 06:58:18","modified":"2020-09-17 06:58:33","menu_order":0,"mime_type":"image\/png","type":"image","subtype":"png","icon":"https:\/\/voelkerrechtsblog.org\/wp-includes\/images\/media\/default.png","width":1280,"height":853,"sizes":{"thumbnail":"https:\/\/voelkerrechtsblog.org\/wp-content\/uploads\/2020\/09\/IMG_0045-150x150.png","thumbnail-width":150,"thumbnail-height":150,"medium":"https:\/\/voelkerrechtsblog.org\/wp-content\/uploads\/2020\/09\/IMG_0045-600x400.png","medium-width":600,"medium-height":400,"medium_large":"https:\/\/voelkerrechtsblog.org\/wp-content\/uploads\/2020\/09\/IMG_0045.png","medium_large-width":1280,"medium_large-height":853,"large":"https:\/\/voelkerrechtsblog.org\/wp-content\/uploads\/2020\/09\/IMG_0045-1200x800.png","large-width":1200,"large-height":800,"1536x1536":"https:\/\/voelkerrechtsblog.org\/wp-content\/uploads\/2020\/09\/IMG_0045.png","1536x1536-width":1280,"1536x1536-height":853,"2048x2048":"https:\/\/voelkerrechtsblog.org\/wp-content\/uploads\/2020\/09\/IMG_0045.png","2048x2048-width":1280,"2048x2048-height":853,"2k":"https:\/\/voelkerrechtsblog.org\/wp-content\/uploads\/2020\/09\/IMG_0045.png","2k-width":1280,"2k-height":853,"1600":"https:\/\/voelkerrechtsblog.org\/wp-content\/uploads\/2020\/09\/IMG_0045.png","1600-width":1280,"1600-height":853,"small":"https:\/\/voelkerrechtsblog.org\/wp-content\/uploads\/2020\/09\/IMG_0045-375x250.png","small-width":375,"small-height":250,"tyny":"https:\/\/voelkerrechtsblog.org\/wp-content\/uploads\/2020\/09\/IMG_0045-150x100.png","tyny-width":150,"tyny-height":100,"cptm_icon":"https:\/\/voelkerrechtsblog.org\/wp-content\/uploads\/2020\/09\/IMG_0045-16x16.png","cptm_icon-width":16,"cptm_icon-height":16}}},"first_name":"\u00d6zgen","last_name":"\u00d6zdemir","location":"Bochum","short_profile":"<p>\u00d6zgen \u00d6zdemir ist wissenschaftliche Mitarbeiterin am Institut f\u00fcr Friedenssicherungsrecht und Humanit\u00e4res V\u00f6lkerrecht der Ruhr-Universit\u00e4t Bochum und Doktorandin an ihrer juristischen Fakult\u00e4t.<\/p>\n","social_media":false},"first_name":"\u00d6zgen","last_name":"\u00d6zdemir","location":""},"meta_box":[],"_links":{"self":[{"href":"https:\/\/voelkerrechtsblog.org\/de\/wp-json\/wp\/v2\/authors\/5119","targetHints":{"allow":["GET"]}}],"collection":[{"href":"https:\/\/voelkerrechtsblog.org\/de\/wp-json\/wp\/v2\/authors"}],"about":[{"href":"https:\/\/voelkerrechtsblog.org\/de\/wp-json\/wp\/v2\/taxonomies\/authors"}],"wp:post_type":[{"href":"https:\/\/voelkerrechtsblog.org\/de\/wp-json\/wp\/v2\/posts?authors=5119"},{"href":"https:\/\/voelkerrechtsblog.org\/de\/wp-json\/wp\/v2\/articles?authors=5119"}],"curies":[{"name":"wp","href":"https:\/\/api.w.org\/{rel}","templated":true}]}}

Özgen Özdemir

Özgen

Özdemir

<p>Özgen Özdemir ist wissenschaftliche Mitarbeiterin am Institut für Friedenssicherungsrecht und Humanitäres Völkerrecht der Ruhr-Universität Bochum und Doktorandin an ihrer juristischen Fakultät.</p>
