{"id":5024,"count":5,"description":"","link":"https:\/\/voelkerrechtsblog.org\/de\/authors\/elisabeth-baier\/","name":"Elisabeth Baier","slug":"elisabeth-baier","taxonomy":"authors","meta":[],"acf":{"first_name":"Elisabeth","last_name":"Baier","location":"","detail_group":{"image":{"ID":16695,"id":16695,"title":"[:en]Portr-LB-092019web-aspect-ratio-1-1[:]","filename":"Portr-LB-092019web-aspect-ratio-1-1.png","filesize":1432454,"url":"https:\/\/voelkerrechtsblog.org\/wp-content\/uploads\/2022\/03\/Portr-LB-092019web-aspect-ratio-1-1.png","link":"https:\/\/voelkerrechtsblog.org\/de\/portr-lb-092019web-aspect-ratio-1-1\/","alt":"","author":"15","description":"","caption":"","name":"portr-lb-092019web-aspect-ratio-1-1","status":"inherit","uploaded_to":0,"date":"2022-03-03 17:20:47","modified":"2022-03-03 17:20:47","menu_order":0,"mime_type":"image\/png","type":"image","subtype":"png","icon":"https:\/\/voelkerrechtsblog.org\/wp-includes\/images\/media\/default.png","width":1181,"height":1181,"sizes":{"thumbnail":"https:\/\/voelkerrechtsblog.org\/wp-content\/uploads\/2022\/03\/Portr-LB-092019web-aspect-ratio-1-1-150x150.png","thumbnail-width":150,"thumbnail-height":150,"medium":"https:\/\/voelkerrechtsblog.org\/wp-content\/uploads\/2022\/03\/Portr-LB-092019web-aspect-ratio-1-1-600x600.png","medium-width":600,"medium-height":600,"medium_large":"https:\/\/voelkerrechtsblog.org\/wp-content\/uploads\/2022\/03\/Portr-LB-092019web-aspect-ratio-1-1.png","medium_large-width":1181,"medium_large-height":1181,"large":"https:\/\/voelkerrechtsblog.org\/wp-content\/uploads\/2022\/03\/Portr-LB-092019web-aspect-ratio-1-1.png","large-width":1181,"large-height":1181,"1536x1536":"https:\/\/voelkerrechtsblog.org\/wp-content\/uploads\/2022\/03\/Portr-LB-092019web-aspect-ratio-1-1.png","1536x1536-width":1181,"1536x1536-height":1181,"2048x2048":"https:\/\/voelkerrechtsblog.org\/wp-content\/uploads\/2022\/03\/Portr-LB-092019web-aspect-ratio-1-1.png","2048x2048-width":1181,"2048x2048-height":1181,"2k":"https:\/\/voelkerrechtsblog.org\/wp-content\/uploads\/2022\/03\/Portr-LB-092019web-aspect-ratio-1-1.png","2k-width":1181,"2k-height":1181,"1600":"https:\/\/voelkerrechtsblog.org\/wp-content\/uploads\/2022\/03\/Portr-LB-092019web-aspect-ratio-1-1.png","1600-width":1181,"1600-height":1181,"small":"https:\/\/voelkerrechtsblog.org\/wp-content\/uploads\/2022\/03\/Portr-LB-092019web-aspect-ratio-1-1-375x375.png","small-width":375,"small-height":375,"tyny":"https:\/\/voelkerrechtsblog.org\/wp-content\/uploads\/2022\/03\/Portr-LB-092019web-aspect-ratio-1-1-150x150.png","tyny-width":150,"tyny-height":150,"cptm_icon":"https:\/\/voelkerrechtsblog.org\/wp-content\/uploads\/2022\/03\/Portr-LB-092019web-aspect-ratio-1-1-16x16.png","cptm_icon-width":16,"cptm_icon-height":16},"original_image":{"ID":16694,"id":16694,"title":"[:en]Portr LB 092019web[:]","filename":"Portr-LB-092019web.png","filesize":1895017,"url":"https:\/\/voelkerrechtsblog.org\/wp-content\/uploads\/2022\/03\/Portr-LB-092019web.png","link":"https:\/\/voelkerrechtsblog.org\/de\/portr-lb-092019web\/","alt":"","author":"15","description":"","caption":"","name":"portr-lb-092019web","status":"inherit","uploaded_to":0,"date":"2022-03-03 17:20:36","modified":"2022-03-03 17:20:36","menu_order":0,"mime_type":"image\/png","type":"image","subtype":"png","icon":"https:\/\/voelkerrechtsblog.org\/wp-includes\/images\/media\/default.png","width":1772,"height":1181,"sizes":{"thumbnail":"https:\/\/voelkerrechtsblog.org\/wp-content\/uploads\/2022\/03\/Portr-LB-092019web-150x150.png","thumbnail-width":150,"thumbnail-height":150,"medium":"https:\/\/voelkerrechtsblog.org\/wp-content\/uploads\/2022\/03\/Portr-LB-092019web-600x400.png","medium-width":600,"medium-height":400,"medium_large":"https:\/\/voelkerrechtsblog.org\/wp-content\/uploads\/2022\/03\/Portr-LB-092019web.png","medium_large-width":1772,"medium_large-height":1181,"large":"https:\/\/voelkerrechtsblog.org\/wp-content\/uploads\/2022\/03\/Portr-LB-092019web-1200x800.png","large-width":1200,"large-height":800,"1536x1536":"https:\/\/voelkerrechtsblog.org\/wp-content\/uploads\/2022\/03\/Portr-LB-092019web-1536x1024.png","1536x1536-width":1536,"1536x1536-height":1024,"2048x2048":"https:\/\/voelkerrechtsblog.org\/wp-content\/uploads\/2022\/03\/Portr-LB-092019web.png","2048x2048-width":1772,"2048x2048-height":1181,"2k":"https:\/\/voelkerrechtsblog.org\/wp-content\/uploads\/2022\/03\/Portr-LB-092019web.png","2k-width":1772,"2k-height":1181,"1600":"https:\/\/voelkerrechtsblog.org\/wp-content\/uploads\/2022\/03\/Portr-LB-092019web.png","1600-width":1600,"1600-height":1066,"small":"https:\/\/voelkerrechtsblog.org\/wp-content\/uploads\/2022\/03\/Portr-LB-092019web-375x250.png","small-width":375,"small-height":250,"tyny":"https:\/\/voelkerrechtsblog.org\/wp-content\/uploads\/2022\/03\/Portr-LB-092019web-150x100.png","tyny-width":150,"tyny-height":100,"cptm_icon":"https:\/\/voelkerrechtsblog.org\/wp-content\/uploads\/2022\/03\/Portr-LB-092019web-16x16.png","cptm_icon-width":16,"cptm_icon-height":16}}},"first_name":"Elisabeth","last_name":"Baier","location":"","short_profile":"<p>Elisabeth Baier is a defense attorney at the Berlin law firm Danckert B\u00e4rlein S\u00e4ttele Rechtsanw\u00e4lte<\/p>\n","social_media":[{"network":"Twitter","url":"https:\/\/twitter.com\/RAin_Baier"},{"network":"LinkedIn","url":"https:\/\/www.linkedin.com\/in\/elisabeth-baier-ba4b9112b\/"}]}},"meta_box":[],"_links":{"self":[{"href":"https:\/\/voelkerrechtsblog.org\/de\/wp-json\/wp\/v2\/authors\/5024","targetHints":{"allow":["GET"]}}],"collection":[{"href":"https:\/\/voelkerrechtsblog.org\/de\/wp-json\/wp\/v2\/authors"}],"about":[{"href":"https:\/\/voelkerrechtsblog.org\/de\/wp-json\/wp\/v2\/taxonomies\/authors"}],"wp:post_type":[{"href":"https:\/\/voelkerrechtsblog.org\/de\/wp-json\/wp\/v2\/posts?authors=5024"},{"href":"https:\/\/voelkerrechtsblog.org\/de\/wp-json\/wp\/v2\/articles?authors=5024"}],"curies":[{"name":"wp","href":"https:\/\/api.w.org\/{rel}","templated":true}]}}

<p>Elisabeth Baier is a defense attorney at the Berlin law firm Danckert Bärlein Sättele Rechtsanwälte</p>
